b(7)?
1
Let q = -13082 + 34876. What is the units digit of q?
4
Suppose 0 = -q - 5*v + 28, -4*q = -0*v - 3*v + 3. Suppose 0 = -q*u - 5*b + 262, -u - 3*b + 82 = -0*u. Suppose 192 = 2*g - u. What is the hundreds digit of g?
1
Let j = 212 - 214. What is the hundreds digit of 0/(-4) - (j - 460)?
4
Let h(x) = 2*x**3 + x**2 - 6*x - 9. Let q be h(-3). What is the hundreds digit of (95/(-20) - (-9)/12)*q?
1
Suppose -a - 1542 = -s + 11107, 4*s - 50581 = a. Suppose 0 = 43*d + s - 38788. What is the units digit of d?
8
Let g(z) = -z**3 - 28*z**2 - 25*z + 57. Let f be g(-27). Suppose -f*c = -i + 898, -2*i + 50*c + 1794 = 45*c. What is the tens digit of i?
9
Let s(n) = -113*n - 30. Let w be s(-11). Suppose 0 = 5*l - w + 353. Let r = l - 110. What is the tens digit of r?
6
Let w be (2 - -2) + (-7)/1*-2. Let d be (w - 22)*(-2)/4. Suppose -o + 150 = 2*y - 3*o, d*y - 130 = -2*o. What is the units digit of y?
0
Let y(i) = -i**3 - 5*i**2 - 29*i. Let m(j) = -4*j**3 - 26*j**2 - 144*j. Let c(f) = -2*m(f) + 11*y(f). What is the hundreds digit of c(-7)?
0
Suppose 5*y = l + 22, y - 2*l - 6 = 2. Suppose 13*h + 7 = 228. Suppose 3 = -3*v + y*v + i, -5*v = 4*i - h. What is the units digit of v?
5
Let v = 79 + -62. Suppose -v*o + 13*o - 12 = 0. What is the tens digit of (8 + o)*(-3 - 2)*-1?
2
Let x(u) be the second derivative of -5*u**3/3 + 59*u**2/2 + u - 6. Let t be ((-45)/(-60))/((-1)/16). What is the hundreds digit of x(t)?
1
What is the tens digit of 83252 + (0 - 17) + (-33)/3?
2
Suppose -24 = 4*v - 40. Suppose 0*y = v*y - a - 12, 22 = 5*y - 3*a. Suppose -o - y*o = -405. What is the units digit of o?
5
What is the hundreds digit of (-249 - -246)/((-1)/10313)?
9
Suppose -169600 = -8*n + 51688. What is the hundreds digit of n?
6
Let o(v) = 15*v**2 - 14*v - 88. Let i be o(-26). Suppose 19*l - i = -9*l. What is the units digit of l?
2
What is the units digit of -4*(2561/(-4) + 8)?
9
Suppose -166 - 614 = 6*r. Let d = r - -142. What is the tens digit of d?
1
Let x(s) = -266*s + 109. What is the tens digit of x(-1)?
7
What is the units digit of 22620/18 + (88/(-12))/11?
6
Let a be (-32)/16 - (-3 - (-26 - -3)). Let u(c) = c**2 + 2*c - 42. What is the hundreds digit of u(a)?
3
Suppose -48 = a - 2*c, 5*a = 5*c + 36 - 291. Let b = -50 - a. Suppose -b*z - 23 = -135. What is the tens digit of z?
2
Let i(d) = d**2 - 8*d + 3. Let g be i(8). Suppose g*y - 1241 = 2605. What is the tens digit of y?
8
Let l(o) = 64*o + 3. Let k = 42 + -10. Suppose -k*c = -31*c - 2. What is the hundreds digit of l(c)?
1
Let q(r) = 15*r - 2. Let w be q(1). Let t(y) = 6*y - 29. Let l be t(w). Let u = 72 - l. What is the tens digit of u?
2
Let x(t) = 34 + 17*t**3 - 55*t**3 - 20*t - t**2 + 10*t**3 + 15*t**3 + 15*t**3. Suppose 3*a - 24 = 2*z, -3*z - 1 = a + 2. What is the units digit of x(a)?
0
Let v be (-1)/(-2)*0*1/8. Let l(k) = 17*k + 1117. What is the units digit of l(v)?
7
Suppose -x = -n + 3*x + 12, -15 = -n + 5*x. Suppose -5*k + 4*w - 6*w + 9028 = 0, 2*w + 2 = n. What is the thousands digit of k?
1
Let o(j) = -2*j**3 - 8*j**2 - 6*j + 2. Let n be o(-6). Let k(t) = 2*t**3 + 8*t**2 - 48*t + 5. Let g be k(-7). Let d = n - g. What is the hundreds digit of d?
1
Let i = 1852 - 1299. What is the units digit of i?
3
Let t(q) = 3*q - 45. Let o be t(11). What is the units digit of (-2648)/o*3/2?
1
Suppose 6*o - 34 - 20 = 0. Suppose 3*h - o*h = 0. Suppose m - 2*k - 77 = h, 3*k - 194 = -2*m - 68. What is the units digit of m?
9
Let v(i) be the third derivative of i**6/120 + i**5/60 - i**4/24 - i**3/6 + i**2. Let b be v(2). What is the tens digit of 19*((-260)/(-45) - (-2)/b)?
1
Let h(z) = 14*z**2 - 70*z - 19. What is the tens digit of h(17)?
3
Let z(r) = r**3 + 6*r**2 - 8*r - 3. Let g be z(-7). Let c be (-190)/(-3) - (-53)/(-159). Suppose -5*n = -10, n = -g*b + 453 - c. What is the tens digit of b?
9
Let r = -39 - -70. Suppose -5*s - 16 = -r. Suppose s*x + 31 = 442. What is the hundreds digit of x?
1
Let s = 15296 + -10483. What is the tens digit of s?
1
What is the thousands digit of 731/425*245*25?
0
Let r = 17715 - 7005. What is the ten thousands digit of r?
1
What is the thousands digit of -24 - 240/(-16) - 9108*-2?
8
What is the tens digit of 164/(-41) + 1/((-1)/(-5734))?
3
Let a(s) be the first derivative of 5*s**6/12 + s**5/60 + s**4/12 - 7*s**3/3 + 7. Let u(n) be the third derivative of a(n). What is the hundreds digit of u(-1)?
1
Let g(r) = 1847*r**3 + 4*r**2 - 14*r + 47. What is the ten thousands digit of g(3)?
4
Let r be (152/10)/((-64)/30 + 2). Let q = r - -114. Suppose q = 3*v - 9*v + 1452. What is the hundreds digit of v?
2
Let c(t) = -5*t - 75. Let m be c(-23). Let a = -35 + m. Suppose 0*x + 5*x = 4*z - 1003, z - 232 = -a*x. What is the tens digit of z?
4
Suppose -147056 = -376*n + 324*n. What is the hundreds digit of n?
8
Suppose -29*n - 36981 + 459643 = 74778. What is the ten thousands digit of n?
1
Let i(n) = 1624*n**3 - n**2 - 2*n + 2. Let l be i(1). Suppose 17*r - l - 706 = 0. What is the units digit of r?
7
Let d = 112 - 17. Let l = d + 29. What is the tens digit of l?
2
Let v(s) = s**3 + 9*s**2 - 2*s - 16. Let x be v(-9). Let a be x + (-3 - 4/4). What is the units digit of (-3 - a)/(-1) - -67*1?
8
Let d(z) = 52*z**2 + 2*z - 4. Let y be d(2). Suppose -5*p = -4*q + 308, 0 = -0*q - 3*q - 2*p + y. Suppose -292 + q = -2*s. What is the units digit of s?
0
Suppose 0 = -63*s + 101*s - 151620. Let x = -2535 + s. What is the tens digit of x?
5
Suppose -3*p + 4*j - 3*j + 8 = 0, -p - 5*j - 8 = 0. Let c be (12 - p)*(-6)/(-4). Let k(g) = g**2 - 9*g + 25. What is the units digit of k(c)?
5
Let f(o) = 2631*o + 22. What is the thousands digit of f(1)?
2
Let q = -164 + 240. Let a = 104 - q. What is the tens digit of 12/((-20)/a - -1)?
4
Suppose -3*h + r = -455, -h + 6*r = 7*r - 157. Let a be 8/20 - (-26)/10. What is the tens digit of h + -1 + a + 5 + -5?
5
Let w = 189 + -186. Suppose 2*z + 1638 = 4*f, -w*f + f + 804 = 4*z. What is the hundreds digit of f?
4
What is the tens digit of (-2)/((-16)/(-10708)*22/(-220))?
8
Let k(d) be the second derivative of d**4/2 + 17*d**3/3 + 44*d. Let p be k(-17). Suppose p + 339 = 5*b. What is the hundreds digit of b?
2
Let r = 308 + -222. Let y = 122 - r. What is the units digit of y?
6
Let p(u) = -215*u**3 + u. Let q be 1*1*(-1 + 0). Let c be p(q). Suppose c = 2*n - y, -n - y + 0*y + 110 = 0. What is the hundreds digit of n?
1
Let b(u) = 4*u - 64. Let h be b(16). Suppose 3*z + 6 = 0, -4*m - z + 426 = -h*z. What is the hundreds digit of m?
1
Let g = 12990 - 5148. What is the hundreds digit of g?
8
Let x(m) = -2975*m + 2621. What is the thousands digit of x(-10)?
2
Suppose 2*k + 11*k - 7657 = 0. Suppose a + 3*d - 2*d = 305, 5*d + k = 2*a. What is the tens digit of a?
0
Suppose -2*u + 4584 = 4*p - 4318, 0 = p. What is the tens digit of u?
5
Suppose 2*s - 8416 = 5*j, -13*s - 2*j + 20982 = -8*s. What is the units digit of s?
8
Suppose 4*x + 2*h + 10 = 76, -32 = -3*x - 5*h. Let o(n) = -n**3 + 21*n**2 - 36*n - 18. Let u be o(19). What is the tens digit of (x/(-3) - -1)*(-45)/u?
1
Suppose 0 = 3*r + 3, -3*y + 0*y - 5*r = -2713. Suppose -3*c + 232 = -10*q + 11*q, -4*q + y = c. What is the tens digit of q?
2
What is the units digit of (-33052)/6*42/(-28) + 6?
9
Suppose 4*x - 3*x = a + 18, 3*x = -4*a - 107. Let u be 30/4*(102/10 - 3). Let o = u + a. What is the units digit of o?
1
Suppose -16*z - 6656 = -20*z. What is the units digit of (1/(-3))/(-1) + z/12?
9
Suppose -4*z + 75043 + 54341 = q, -10*z + 323430 = -5*q. What is the thousands digit of z?
2
Let y be (-4)/14 + 1*30663/(-63). Let j = -13 - y. What is the units digit of j?
4
Suppose 9*f = 73 - 28. Suppose 3*k + k = -2*y + 2884, -f*y - 10 = 0. What is the units digit of k?
2
Suppose -i + 20 = -63. Let f = i + -113. What is the hundreds digit of f*(-2 + (-18)/4)?
1
Suppose 2*i + 0 + 2 = 0, 3*i = u - 8. Let a be (-48)/120 + 12962/u. Suppose -v - a = -10*v. What is the tens digit of v?
8
Suppose 377*a - 356*a + 73762 - 937072 = 0. What is the units digit of a?
0
Suppose 5*o - 5*n - 375 = 0, 0*n + 5 = -5*n. Let y = o - 70. Suppose l = -0*l + 2*a - 8, -3 = -y*l + a. What is the units digit of l?
2
Let g(b) = -b**3 + 2*b**2 + 9*b - 2. Let d be g(4). Suppose d*o - q + 2 = 2*q, -3*o = 3*q + 3. What is the units digit of (o/2 + 3)*(-4